tor of 1087320?
True
Does 68 divide 926958?
False
Is 406064 a multiple of 144?
False
Is 9 a factor of 950583?
False
Is 715971 a multiple of 4?
False
Does 72 divide 10487428?
False
Does 49 divide 1730339?
False
Is 2866494 a multiple of 690?
False
Does 117 divide 2743618?
False
Is 1069 a factor of 3198448?
True
Does 167 divide 368235?
True
Does 382 divide 12988?
True
Is 127556 a multiple of 143?
True
Does 78 divide 6478641?
False
Is 14 a factor of 38822?
True
Is 337 a factor of 4832243?
True
Does 15 divide 50862?
False
Is 43 a factor of 3549496?
False
Is 44287 a multiple of 86?
False
Is 146755 a multiple of 7?
True
Does 107 divide 24380?
False
Is 1380179 a multiple of 6?
False
Does 120 divide 1495869?
False
Is 3 a factor of 123743?
False
Is 162 a factor of 658202?
False
Is 508 a factor of 75538?
False
Does 25 divide 245275?
True
Is 12 a factor of 97308?
True
Is 5710384 a multiple of 17?
False
Is 9 a factor of 71649?
True
Is 19867663 a multiple of 459?
False
Is 91 a factor of 3638726?
True
Is 31 a factor of 182960?
False
Does 35 divide 1406325?
False
Does 19 divide 1470277?
True
Is 196 a factor of 25480?
True
Does 13 divide 320384?
False
Is 14594096 a multiple of 1616?
True
Is 29 a factor of 160576?
False
Does 40 divide 1841120?
True
Does 180 divide 7390618?
False
Does 282 divide 1036330?
False
Does 389 divide 82079?
True
Does 11 divide 435486?
False
Does 45 divide 355974?
False
Is 159 a factor of 5143097?
False
Is 21 a factor of 1994991?
False
Does 10 divide 982420?
True
Is 118080 a multiple of 16?
True
Does 119 divide 8501241?
True
Is 266231 a multiple of 369?
False
Is 766212 a multiple of 167?
False
Is 376 a factor of 142880?
True
Is 47 a factor of 139786?
False
Is 20900 a multiple of 76?
True
Is 33425 a multiple of 13?
False
Does 36 divide 375372?
True
Is 4 a factor of 222030?
False
Does 56 divide 241720?
False
Does 30 divide 1079045?
False
Does 17 divide 9051072?
True
Is 29 a factor of 1276?
True
Does 18 divide 2365?
False
Does 493 divide 105482?
False
Does 251 divide 1365299?
False
Does 3 divide 228740?
False
Is 23 a factor of 1378091?
True
Is 64808 a multiple of 296?
False
Is 134 a factor of 326156?
True
Does 8 divide 68328?
True
Is 1152252 a multiple of 227?
True
Does 17 divide 54349?
True
Is 42 a factor of 216216?
True
Is 3142 a multiple of 3?
False
Is 187593 a multiple of 253?
False
Is 5967409 a multiple of 973?
True
Is 3272294 a multiple of 157?
False
Is 111 a factor of 952491?
True
Does 22 divide 67540?
True
Is 68202 a multiple of 18?
True
Does 12 divide 89812?
False
Is 41 a factor of 23713427?
False
Is 9 a factor of 3769362?
True
Is 28 a factor of 13069908?
False
Is 128 a factor of 4392576?
True
Does 13 divide 245755?
False
Is 249 a factor of 177039?
True
Does 13 divide 96018?
True
Is 94644 a multiple of 18?
True
Is 198991 a multiple of 13?
True
Is 115300 a multiple of 9?
False
Is 253667 a multiple of 41?
True
Does 12 divide 1680040?
False
Does 228 divide 204744?
True
Does 48 divide 8142241?
False
Is 274 a factor of 3574056?
True
Is 8 a factor of 356856?
True
Is 39 a factor of 2240745?
True
Does 222 divide 7962474?
True
Is 70295 a multiple of 18?
False
Does 11 divide 50240?
False
Is 40 a factor of 88440?
True
Does 441 divide 106811?
False
Is 58 a factor of 10655934?
True
Does 7 divide 4686269?
True
Is 271392 a multiple of 132?
True
Is 13 a factor of 329463?
False
Does 4 divide 106232?
True
Is 8 a factor of 95072?
True
Is 14 a factor of 94241?
False
Is 47 a factor of 1836854?
True
Does 8 divide 1275?
False
Does 60 divide 27720?
True
Does 31 divide 136746?
False
Is 4 a factor of 42605?
False
Does 62 divide 344720?
True
Is 10 a factor of 49370?
True
Is 9148 a multiple of 5?
False
Is 4969312 a multiple of 27?
False
Does 24 divide 432192?
True
Does 888 divide 1093031?
False
Is 25 a factor of 2228000?
True
Does 34 divide 229976?
True
Is 1044198 a multiple of 366?
True
Does 120 divide 48507?
False
Does 48 divide 1402848?
True
Does 835 divide 4347752?
False
Is 14 a factor of 342300?
True
Is 40 a factor of 746110?
False
Does 30 divide 286556?
False
Is 14 a factor of 478?
False
Is 3085764 a multiple of 97?
True
Is 14 a factor of 884422?
True
Is 13 a factor of 319269?
False
Is 214 a factor of 375784?
True
Is 114 a factor of 217786?
False
Does 48 divide 100704?
True
Does 17 divide 100402?
True
Is 9936592 a multiple of 71?
True
Is 408 a factor of 5123256?
True
Is 68931 a multiple of 111?
True
Is 116 a factor of 711312?
True
Is 2863940 a multiple of 10?
True
Does 526 divide 16045104?
True
Is 249 a factor of 178376?
False
Is 16 a factor of 28547?
False
Does 126 divide 25092?
False
Is 10 a factor of 893470?
True
Does 8 divide 157960?
True
Is 20 a factor of 4258817?
False
Is 8 a factor of 237416?
True
Does 22 divide 193490?
True
Is 139 a factor of 254152?
False
Is 74 a factor of 1407110?
True
Is 967008 a multiple of 42?
True
Is 8554356 a multiple of 618?
True
Does 24 divide 37078?
False
Is 296310 a multiple of 6?
True
Does 485 divide 156170?
True
Does 972 divide 13751856?
True
Is 57181 a multiple of 134?
False
Is 2 a factor of 6998?
True
Is 3941280 a multiple of 1190?
True
Is 9 a factor of 612237?
False
Is 17 a factor of 3785063?
False
Is 87564 a multiple of 12?
True
Does 3 divide 1724?
False
Does 6 divide 11892?
True
Is 15257 a multiple of 158?
False
Is 70 a factor of 239495?
False
Does 11 divide 2258213?
False
Does 180 divide 123807?
False
Is 153 a factor of 612?
True
Is 3 a factor of 99957?
True
Is 12 a factor of 60931?
False
Does 15 divide 704440?
False
Is 632772 a multiple of 93?
True
Does 118 divide 1064714?
True
Is 10759122 a multiple of 118?
True
Is 1005824 a multiple of 256?
True
Is 10509418 a multiple of 11?
False
Is 13490 a multiple of 95?
True
Is 217672 a multiple of 15?
False
Is 64 a factor of 157440?
True
Does 479 divide 2463187?
False
Is 116 a factor of 405796?
False
Is 2 a factor of 17336?
True
Does 16 divide 9580064?
True
Is 25 a factor of 261775?
True
Is 3522048 a multiple of 384?
True
Is 494460 a multiple of 492?
True
Is 194 a factor of 5446830?
False
Does 59 divide 5022722?
False
Does 117 divide 1625247?
True
Does 5 divide 496651?
False
Is 135665 a multiple of 631?
True
Is 23 a factor of 189198?
True
Is 4 a factor of 71627?
False
Does 75 divide 12975?
True
Is 71498 a multiple of 3?
False
Is 44 a factor of 53698?
False
Is 83 a factor of 3239407?
True
Is 51303 a multiple of 349?
True
Is 1016478 a multiple of 447?
True
Does 65 divide 487825?
True
Is 118958 a multiple of 14?
True
Does 3 divide 6130?
False
Is 605792 a multiple of 120?
False
Is 447 a factor of 774651?
True
Is 813 a factor of 9977735?
False
Is 164 a factor of 114785?
False
Is 21 a factor of 44400?
False
Is 483225 a multiple of 745?
False
Is 11 a factor of 283867?
False
Is 10 a factor of 54510?
True
Does 494 divide 938614?
False
Does 145 divide 5059945?
False
Is 262244 a multiple of 28?
False
Is 70 a factor of 17668?
False
Is 47 a factor of 1708418?
False
Is 16 a factor of 131392?
True
Does 415 divide 5934500?
True
Is 1908990 a multiple of 18?
True
Is 23130327 a multiple of 425?
False
Does 5 divide 470140?
True
Does 181 divide 1105065?
False
Is 12 a factor of 1099709?
False
Is 120597 a multiple of 183?
True
Is 3 a factor of 463252?
False
Is 19516 a multiple of 52?
False
Does 1771 divide 4988907?
True
Is 39 a factor of 1738131?
False
Is 6 a factor of 1902752?
False
Is 50 a factor of 118945?
False
Does 310 divide 400520?
True
Is 38 a factor of 341088?
True
Does 12 divide 8990?
False
Is 499884 a multiple of 28?
True
Is 3954656 a multiple of 127?
False
Is 583 a factor of 7424828?
False
Is 8 a factor of 409320?
True
Is 452320 a multiple of 16?
True
Is 1979875 a multiple of 235?
True
Is 142 a factor of 549306?
False
Is 1079 a factor of 10269922?
True
Does 245 divide 23520?
True
Is 253794 a multiple of 16?
False
Does 12 divide 1057584?
True
Does 16 divide 226144?
True
Does 164 divide 235425?
False
Is 24 a factor of 112951?
False
Does 96 divide 9408?
True
Is 837 a factor of 377487?
True
Does 21 divide 1451058?
True
Is 48119 a multiple of 49?
False
Is 24 a factor of 174120?
True
Is 5063346 a multiple of 18?
True
Is 239 a factor of 1730510?
False
Is 1994200 a multiple of 130?
True
Is 360267 a multiple of 7?
False
Is 288770 a multiple of 134?
True
Does 2 divide 1964363?
False
I